et y(t) = -t - 8. Let c(l) = 6*l - 1. Let v be c(-2). Let d(r) = v*y(r) - 6*f(r). Calculate d(p).
-1
Let z = -49 + 65. Let h(d) = -9*d + 30*d - z*d + 4 - 7*d. What is h(4)?
-4
Suppose -3*m - m - 16 = 0. Let d be (-2)/1*(-14)/m. Let g(v) = v**2 + 8*v - 7. What is g(d)?
-14
Let m be (1 + (-18 - -5))/(-2). Let c be 4/(-16) - 26/(-8). Let k(b) = c*b + 4*b + m - 2*b - 6*b. Give k(0).
6
Let r(b) = -b**3 + 2*b**2 - 3*b + 2. Suppose -2*i = -5*s - 49, 2*s - 35 = -i + s. Suppose 3*g = -0 + 114. Suppose 0 = -3*p + g - i. Calculate r(p).
-4
Let a(c) = c**3 + 6*c**2 + 7*c + 4. Let s = -2 - -7. Let g(j) = -s*j + 3*j + 9 + 3*j. Let x be g(-14). Give a(x).
-6
Let h = 585 - 581. Let i(w) be the first derivative of -w**3/3 + 2*w**2 + 2*w - 1. Determine i(h).
2
Let b(x) = x**2 + 2*x + 7. Let h be (88/(-132))/((-2)/(-15)). Give b(h).
22
Suppose h + h - 10 = 0. Suppose f = 1 + h. Let b(r) = -1 - 644*r + 637*r + 10 + r**2. Determine b(f).
3
Let u(s) = s + 2. Let v be u(9). Suppose 0 = -2*l + 11*l - 135. Let j = l - v. Let i(g) = g - 3. Determine i(j).
1
Let s(k) be the first derivative of -14*k**3/3 + k**2/2 + 15. Calculate s(-1).
-15
Let b(j) be the first derivative of j**3/3 + 5*j**2/2 + 7*j - 49. Let f(r) = -3*r + 4. Let w be f(3). Calculate b(w).
7
Suppose -5*o + 3*q - 4 = 0, o - 2*q - q = 4. Let u be (o/4)/(3/(-36)). Let p(t) = 1 + 5 - 4 + 4 - t - 7. Calculate p(u).
-7
Let a(v) = 14*v**2 + 6*v - 20. Let c(b) = -5*b**2 - 2*b + 7. Let x(l) = -6*a(l) - 17*c(l). Let h(r) = 17*r + 103. Let y be h(-6). Determine x(y).
0
Let m(i) = 8. Let q(s) = -s - 17. Let x(c) = -5*m(c) - 2*q(c). Let u be (-450)/100*(-8)/6. Calculate x(u).
6
Let a(v) = -2*v**2 + 11*v + 41. Let y be a(-3). Let k(l) = l**3 + 10*l**2 - 2*l + 8. What is k(y)?
28
Let l(k) = 3*k**2 - 5*k - 2. Let j be 36/10*(-310)/(-279). What is l(j)?
26
Let h(r) = -4*r - 67*r**2 - 62*r**2 - 70*r**2 - 11 + 200*r**2. What is h(6)?
1
Let j = -968 - -966. Let n(a) = -3*a + 4*a + 2*a. Calculate n(j).
-6
Let q be ((-14)/6 - -2)*-12. Suppose -6*j - 15 = -3*j, -5*a = -q*j - 45. Let x(u) = u**3 - 6*u**2 + 7*u - 7. What is x(a)?
3
Suppose 12 = -8*t + 14*t. Let h(d) = 5 - 7 + 4*d + t. Give h(1).
4
Let o(j) = -13*j**2 - 113*j + 19. Let i be o(-9). Let f(n) = n + 19. Give f(i).
2
Let p(h) = 15*h + 2. Let g be 20/(2 - -2) - (18 - 10). What is p(g)?
-43
Let b(r) = -2*r + 7. Suppose 19*g = 16*g + 24. Give b(g).
-9
Let n(r) = r**3 - 7*r**2. Let h be n(7). Suppose 24 = -4*t - h*t. Let y(j) = -j + 5. Let o(i) = -2*i + 10. Let d(c) = 3*o(c) - 7*y(c). What is d(t)?
-11
Suppose -5*f = -3*g + 8, g - 3*g = 2*f. Let k(t) = -g - 22*t + 23*t - 3. Calculate k(0).
-4
Let y(t) = 1 + 2*t + t + 2 + t**2. Suppose -2*w = z - 2, 4*z + 0*z + 3*w + 2 = 0. Let f be 2*(-3 + 2)*(-3)/z. What is y(f)?
3
Let f(k) be the first derivative of 7*k**3 + k**2/2 + k + 45. What is f(-1)?
21
Let i(q) = 7*q - 27. Let j be i(3). Let c(x) be the second derivative of -2*x**2 + 0 - 4*x - 1/6*x**3. Determine c(j).
2
Let f(a) be the second derivative of -1/10*a**5 + 0 - 1/12*a**4 - 4*a - 1/2*a**2 - 1/3*a**3. Let h = -3 + 2. Determine f(h).
2
Let n(h) be the third derivative of 13*h**2 + 7/24*h**4 + 0*h**3 + 1/120*h**5 - 1/180*h**6 + 0*h + 0. Let g(u) be the second derivative of n(u). Give g(-3).
13
Let v(x) = x - 15. Let w(s) = 22*s**2 - 41*s**2 + 20*s**2 - 17*s + 27. Let q be w(16). Give v(q).
-4
Suppose -3*z + 2*n - 4 = 0, 3*n - 26 = -3*z - n. Suppose 0 = -0*i - z*i + 5*j + 5, i + j = 6. Let q(h) = 4*h + 3 - 5*h + i*h. What is q(-2)?
-5
Let v(o) = 31*o - 18*o - 13 - 10*o - 5*o. Determine v(-10).
7
Let b(v) = v**2 - 2*v - 4. Let o be 30/4*(-5)/((-90)/12). What is b(o)?
11
Let f(o) = o**2 + o + 3. Let l = 8 + -2. Let t = l - 6. Give f(t).
3
Let d(l) = -l + 9. Let a = -20 + 25. Suppose -2*q = -c - 3*c - 28, -2*q = -a*c - 30. Calculate d(q).
-1
Let o(t) = t**3 + t**2 - t - 2. Let w be 12 - (2/9 - (-2)/(-9)). Let f be (-1)/5 - (-31)/5. Suppose w = 3*i + f. Determine o(i).
8
Let l = 29 - 13. Suppose -4*r + l = 0, 2*w - 18 = -4*r + 12. Let t(g) be the first derivative of g**4/4 - 2*g**3 - 7*g**2/2 - 5*g + 57. What is t(w)?
-5
Let c(s) = 5*s + 14. Let g(j) = -2*j. Let t(p) = c(p) + 3*g(p). Give t(8).
6
Let d(z) = -z**3 - z**2 - z + 1. Let n be (-20)/8*(-2)/1. Let q(u) = -4*u**3 - 14*u**2 - 15*u + 5. Let g(m) = n*d(m) - q(m). Determine g(10).
0
Let a(i) = 11 + 9 - 6*i - 10. Let k(f) = -f + 1. Let u(r) = a(r) - 3*k(r). Determine u(6).
-11
Let q(d) be the third derivative of -d**5/60 - d**4/12 - d**3/2 + 3*d**2 + 17. Give q(-2).
-3
Let w = 1551 + -1557. Let y(x) = -x**3 - 5*x**2 + 8*x. Determine y(w).
-12
Let h(k) = 3*k**3 - 5*k - 6. Let g(d) = 14*d**2 - 24*d**2 + 10*d**2 - 11 + 5*d**3 - 9*d. Let w(o) = 4*g(o) - 7*h(o). Give w(0).
-2
Let s be (4 - 2) + (-13 - -227) - -3. Suppose s*u - 220*u - 7 = 0. Let z(h) = h**2 + 7*h + 6. Let y(n) = 1. Let x(i) = -y(i) + z(i). Calculate x(u).
5
Let m(f) = 5*f**2 - f**2 - 5*f**2 - 7*f - 63 + 126 - 64. Calculate m(-4).
11
Let a(n) = 4*n + 9. Let v(i) = -9*i - 19. Let h(l) = -13*a(l) - 6*v(l). Let w = -10 + 56. Let r = -43 + w. What is h(r)?
3
Let l(v) be the second derivative of -v**5/60 + v**4/8 + 6*v**2 + 3*v. Let q(j) be the first derivative of l(j). Give q(4).
-4
Let h(i) = -6*i - 11. Let g(t) = -7*t - 13. Let w(b) = 5*g(b) - 6*h(b). What is w(1)?
2
Let w(m) be the first derivative of m**5/20 - 7*m**4/12 + 4*m**3/3 - 7*m**2/2 + 27*m - 5. Let i(c) be the first derivative of w(c). What is i(6)?
5
Let i be (-3 + 0)*(-6)/9. Suppose i*v = -2*j + 150, 2*j = -v + 70 + 85. Let t be (1/(-2))/((-8)/j). Let b(c) = -c**2 + 6*c. Determine b(t).
5
Let k(w) = w**2 + 5*w - 3. Let c(d) = 30*d**2 - 5*d - 53*d**2 + 22*d**2 + 2. Let o(z) = -5*c(z) - 4*k(z). Suppose 0 = -2*s - 3*s - 15. What is o(s)?
-4
Let o(n) be the first derivative of 25*n**2/2 + 122. Determine o(1).
25
Suppose -f + u = -1 - 0, 3*u + 1 = f. Let t be (-1)/(-3)*f - 82/(-123). Let z(m) = m**2 - m + 1. Give z(t).
1
Let y(o) = -o**2 + o - 1. Let f = -17 + 17. Suppose -k - 3 = -f, s + 14 = -2*k. Let j = s - -12. What is y(j)?
-13
Let l(w) = -2*w**2 + 4*w + 2. Suppose -4*j - 7 = -3*i, 2*i + 8*j - 4 = 11*j. Give l(i).
-28
Let g be -15 + (-186)/(-18) - (-1)/(-3). Let h(l) = 234*l**2 - 75 + 8 - 24. Let i(s) = 13*s**2 - 5. Let u(n) = g*h(n) + 91*i(n). What is u(-1)?
13
Let c(m) = 2*m**2 + 11*m - 1. Let f be (-4)/(-31 + 3) + (-342)/42. Calculate c(f).
39
Let h(x) = -3*x + 10 - 6 - 4. Let i be h(3). Let y(f) = f + 3. Give y(i).
-6
Let w(f) = -7*f**3 - 5*f**2 + 12*f - 35. Let z(q) = -q**3 - q**2 + 2*q - 1. Let h(n) = w(n) - 6*z(n). What is h(0)?
-29
Let i(l) be the second derivative of -l**3/3 - 7*l**2/2 - 229*l. Give i(7).
-21
Suppose j - 5 = 6*j. Let c(d) = -d**2 + 2*d - 3. Let b be c(2). Let o(f) = 2*f**2 + 3*f + 1. Let u(p) = -p**2 - 1. Let h(z) = b*u(z) + j*o(z). Determine h(4).
6
Let r(a) = -a**3 + 5*a**2 - 5*a + 2. Let o(n) = -1 + 40*n**2 + 37*n**2 + 2*n - 75*n**2. Let p be o(1). Give r(p).
5
Let u(l) = -19*l + 5. Let y(t) be the third derivative of -5*t**4/12 + t**3/2 - 15*t**2. Let d(a) = -6*u(a) + 10*y(a). What is d(-1)?
-14
Let n(b) = -b - 4. Let k = 17 - 32. Let s be 10/k - (-48)/(-9). Give n(s).
2
Let i(n) = 11*n**2 + 1 - 2 + n**3 - n - 15*n**2. Calculate i(3).
-13
Let c(u) be the second derivative of -u**4/6 + u**3/3 - u**2/2 + 340*u. Give c(1).
-1
Let d(a) = -10*a - 11. Let g(h) = -h - 1. Let q(r) = d(r) - 5*g(r). Suppose 4*z = 4*y + 20, -3*z = -4*y - 3 - 18. Let k be ((-4)/3)/((-2)/y). Give q(k).
14
Suppose -n - 4 = -1. Let m be 1*(-3)/(n/2). Let z(t) = -t**2 - m*t**2 + 4*t**2 + t - 6*t**2 - t**3 - 3. Give z(-5).
-8
Let j(m) = m**3 + 13*m**2 - 13*m + 20. Suppose 4 = -k, 6*w - 2*k + 6 = 5*w. Calculate j(w).
6
Let m(y) be the second derivative of y**3/6 - y**2 + y. Suppose 38*k + 4*g = 33*k + 14, -2*k + 5 = g. What is m(k)?
0
Suppose -4 = -9*j + 7*j. Let p(m) = m**2 - 4*m - 3*m - 3*m + 8*m + j. Determine p(2).
2
Let s(r) = -r**2 + 5*r + 3. Let p = -234 - -238. What is s(p)?
7
Let r(x) = -22*x + 184. Let n be r(8). Let g(h) = h**3 - 7*h**2 - 7*h + 10. Give g(n).
18
Suppose 0 = 4*d - 0*d - 4. Let g(n) be the third derivative of -n**5/60 + n**4/24 - n**3/6 + n**2 - 8. Calculate g(d).
-1
Let v(f) = 12*f + 242. Let p be v(-20). Let l(m) = -2*m - 4. Determine l(p).
-8
Let m(k) be the second deriv